99993727?
7
What is the hundreds digit of 2708231245?
2
What is the ten thousands digit of 79038828?
3
What is the thousands digit of 60708379?
8
What is the hundreds digit of 91229095?
0
What is the tens digit of 1405481196?
9
What is the millions digit of 49503915?
9
What is the ten millions digit of 57391147?
5
What is the hundreds digit of 3037952907?
9
What is the units digit of 183786545?
5
What is the tens digit of 51745495?
9
What is the ten thousands digit of 1645344696?
4
What is the millions digit of 157995459?
7
What is the millions digit of 36853428?
6
What is the hundreds digit of 2802213312?
3
What is the ten millions digit of 221831446?
2
What is the tens digit of 284067778?
7
What is the tens digit of 168430213?
1
What is the thousands digit of 71418444?
8
What is the millions digit of 113284440?
3
What is the millions digit of 285900088?
5
What is the thousands digit of 79898789?
8
What is the ten millions digit of 2131083515?
3
What is the hundreds digit of 3551198313?
3
What is the units digit of 341246045?
5
What is the ten millions digit of 674767533?
7
What is the ten thousands digit of 944600947?
0
What is the billions digit of 1882316592?
1
What is the hundreds digit of 4306654555?
5
What is the hundreds digit of 188037922?
9
What is the thousands digit of 127963975?
3
What is the units digit of 52577397?
7
What is the millions digit of 2815827030?
5
What is the thousands digit of 859239035?
9
What is the units digit of 12950739?
9
What is the hundreds digit of 329895350?
3
What is the hundred thousands digit of 198678001?
6
What is the units digit of 153473543?
3
What is the hundreds digit of 1600281342?
3
What is the tens digit of 1481136282?
8
What is the ten millions digit of 13634523?
1
What is the millions digit of 6575811160?
5
What is the hundred millions digit of 1092027181?
0
What is the hundred thousands digit of 26100253?
1
What is the ten millions digit of 3410746628?
1
What is the ten thousands digit of 3297991659?
9
What is the hundred millions digit of 605110347?
6
What is the ten millions digit of 31032700?
3
What is the thousands digit of 6396410772?
0
What is the millions digit of 825574482?
5
What is the thousands digit of 883322251?
2
What is the billions digit of 1513063774?
1
What is the ten millions digit of 20190553?
2
What is the millions digit of 13517645?
3
What is the millions digit of 27637624?
7
What is the millions digit of 1011227875?
1
What is the hundred millions digit of 273973343?
2
What is the hundred thousands digit of 1896378476?
3
What is the thousands digit of 3793602?
3
What is the millions digit of 56348552?
6
What is the millions digit of 400756997?
0
What is the units digit of 100656282?
2
What is the tens digit of 215169275?
7
What is the ten millions digit of 105590622?
0
What is the ten thousands digit of 2344533572?
3
What is the ten thousands digit of 22382374?
8
What is the hundred millions digit of 477411330?
4
What is the millions digit of 84922295?
4
What is the tens digit of 3207304?
0
What is the thousands digit of 176130885?
0
What is the millions digit of 3817227073?
7
What is the ten millions digit of 1697256707?
9
What is the ten thousands digit of 1824799557?
9
What is the tens digit of 977751305?
0
What is the ten thousands digit of 202078019?
7
What is the ten thousands digit of 882569477?
6
What is the units digit of 57206549?
9
What is the ten millions digit of 43209261?
4
What is the millions digit of 4569523?
4
What is the thousands digit of 559266241?
6
What is the tens digit of 86682186?
8
What is the hundred thousands digit of 593928577?
9
What is the hundred thousands digit of 110749268?
7
What is the hundred millions digit of 2729662606?
7
What is the units digit of 838232880?
0
What is the tens digit of 568336743?
4
What is the ten thousands digit of 117636138?
3
What is the thousands digit of 2529299452?
9
What is the hundred thousands digit of 95747205?
7
What is the tens digit of 59939465?
6
What is the ten millions digit of 275148046?
7
What is the thousands digit of 662051521?
1
What is the ten millions digit of 342969405?
4
What is the ten millions digit of 50141344?
5
What is the thousands digit of 3956711?
6
What is the hundred thousands digit of 613130349?
1
What is the millions digit of 3985272?
3
What is the tens digit of 29351372?
7
What is the ten thousands digit of 2006074118?
7
What is the units digit of 1368713?
3
What is the tens digit of 263239114?
1
What is the hundreds digit of 140098996?
9
What is the tens digit of 169953843?
4
What is the hundred millions digit of 257591794?
2
What is the tens digit of 1389919519?
1
What is the ten thousands digit of 37232317?
3
What is the billions digit of 2103416956?
2
What is the thousands digit of 43706869?
6
What is the thousands digit of 100797560?
7
What is the millions digit of 49033181?
9
What is the hundred millions digit of 157076894?
1
What is the ten millions digit of 95908053?
9
What is the ten millions digit of 51445313?
5
What is the units digit of 234492838?
8
What is the units digit of 588184703?
3
What is the units digit of 994299857?
7
What is the hundred thousands digit of 70597872?
5
What is the ten millions digit of 213431289?
1
What is the millions digit of 34139370?
4
What is the ten millions digit of 445403714?
4
What is the thousands digit of 2449162370?
2
What is the millions digit of 930864302?
0
What is the units digit of 199314552?
2
What is the ten thousands digit of 1107014546?
1
What is the hundreds digit of 5098846435?
4
What is the hundreds digit of 120331787?
7
What is the millions digit of 27157890?
7
What is the thousands digit of 1482904384?
4
What is the millions digit of 18837007?
8
What is the tens digit of 149538235?
3
What is the ten millions digit of 227647748?
2
What is the ten millions digit of 319042970?
1
What is the tens digit of 7757844407?
0
What is the hundred thousands digit of 3914196636?
1
What is the ten millions digit of 2363782495?
6
What is the ten millions digit of 46761253?
4
What is the ten millions digit of 17858945?
1
What is the thousands digit of 906464730?
4
What is the hundred thousands digit of 1077966007?
9
What is the units digit of 305421830?
0
What is the ten millions digit of 1608545477?
0
What is the hundred thousands digit of 1485025315?
0
What is the thousands digit of 659178917?
8
What is the ten thousands digit of 459422792?
2
What is the units digit of 4134283?
3
What is the units digit of 175123239?
9
What is the units digit of 3313197218?
8
What is the thousands digit of 530584291?
4
What is the millions digit of 11236095?
1
What is the tens digit of 670388050?
5
What is the units digit of 2041155827?
7
What is the hundred millions digit of 3953543153?
9
What is the ten thousands digit of 3258251547?
5
What is the units digit of 129444737?
7
What is the hundreds digit of 3610894?
8
What is the hundred millions digit of 106009051?
1
What is the thousands digit of 1269540?
9
What is the tens digit of 989254386?
8
What is the ten millions digit of 3868975229?
6
What is the hundred thousands digit of 2516942900?
9
What is the hundred thousands digit of 289887477?
8
What is the tens digit of 20878162?
6
What is the thousands digit of 3129782584?
2
What is the tens digit of 738441161?
6
What is the ten thousands digit of 50004650?
0
What is the millions digit of 55311162?
5
What is the tens digit of 10670495?
9
What is the tens digit of 42741886?
8
What is the hundreds digit of 69169669?
6
What is the hundred thousands digit of 14514475?
5
What is the ten thousands digit of 26465094?
6
What is the millions digit of 54483552?
4
What is the ten thousands digit of 892105035?
0
What is the hundreds digit of 562289736?
7
What is the units digit of 27868099?
9
What is the ten millions digit of 27757205?
2
What is the ten thousands digit of 811944991?
4
What is the hundreds digit of 468361245?
2
What is the units digit of 45785612?
2
What is the units digit of 209325562?
2
What is the tens digit of 1172099262?
6
What is the tens digit of 4155180515?
1
What is the thousands digit of 193237646?
7
What is the ten millions digit of 3820370315?
2
What is the tens digit of 280487470?
7
What is the hundred thousands digit 